{"id":132,"date":"2015-12-14T13:20:04","date_gmt":"2015-12-14T12:20:04","guid":{"rendered":"http:\/\/schule-barlsheide.schulhomepages.hamburg.de\/?page_id=132"},"modified":"2019-11-28T06:47:20","modified_gmt":"2019-11-28T05:47:20","slug":"die-schulband","status":"publish","type":"page","link":"https:\/\/schule-barlsheide.hamburg.de\/?page_id=132","title":{"rendered":"Die Schulband"},"content":{"rendered":"<p style=\"text-align: justify\">Gegr\u00fcndet wurde die Schulband von der Lehrerin Frau von Deutsch, die im Fr\u00fchjahr 2010 mit ihrer Klasse beim &#8222;Theater macht Schule&#8220;-Festival teilgenommen hat. F\u00fcr dieses Festival schrieben die Sch\u00fclerinnen und Sch\u00fcler zusammen mit der Lehrerin das Theaterst\u00fcck &#8222;Rockklasse 3b&#8220;. Daf\u00fcr lernten die Kinder extra Instrumente spielen. Nach kurzer Zeit entwickelten die Kinder ein Gesp\u00fcr, aufeinander zu h\u00f6ren und miteinander zu spielen.<\/p>\n<p style=\"text-align: justify\">Die Motivation, eine Band zu gr\u00fcnden, war gro\u00df und die musikalischen Talente der Kinder waren hierbei nicht zu \u00fcbersehen. F\u00fcr die Lehrerin und den Kindern war klar, dass auch nach dem Festival die F\u00f6rderung der Musikalit\u00e4t fortgef\u00fchrt werden musste.<\/p>\n<p style=\"text-align: justify\">Einmal in der Woche gibt es seit Beginn des Schuljahres 2010\/2011 den Bandunterricht. Die Schulband besteht ausschlie\u00dflich aus Kindern der dritten Klassenstufe. Die Zusammenstellung der Bandmitglieder variiiert. Sp\u00e4testens nach Beendigung ihrer Schulzeit verlassen die Kinder die Band. Der &#8222;Nachwuchs&#8220; wird dann in ihre Fu\u00dfstapfen treten.<\/p>\n<p style=\"text-align: justify\">Die Sch\u00fclerinnen und Sch\u00fcler lernen die Grundbegriffe des Instrumentalspiels in den Bereichen Gitarre, Keyboard, Bass und Schlagzeug. Die Notwendigkeit musiktheoretischer Kenntnisse und der Umgang mit Instrumenten werden &#8222;spielerisch&#8220; erkannt und erlernt.<\/p>\n<p style=\"text-align: justify\">Schwerpunkte der Arbeit in der Sch\u00fclerband sind die F\u00f6rderung der eigenen Kreativit\u00e4t und der Freude am gemeinsamen Musikmachen. Die Sch\u00fcler erfahren durch aktives Handeln eine M\u00f6glichkeit der sinnvollen Freizeitgestaltung und des sozialen Umgangs. Durch Auftritte und Pr\u00e4sentationen auf der B\u00fchne wird das Selbstbewusstsein der Kinder gest\u00e4rkt.<\/p>\n<p style=\"text-align: justify\">Das Programm der Band besteht aus gecoverten Songs und selbstgeschriebenen Texten und Meldodien. Es reicht von Rockmusik aus den 60ziger Jahren bis hin zu aktuellen Titeln aus den Charts. Die Musikst\u00fccke werden von den Sch\u00fclern selbst ausgew\u00e4hlt und arrangiert.<\/p>\n<div id=\"attachment_133\" style=\"width: 220px\" class=\"wp-caption aligncenter\"><a href=\"https:\/\/schule-barlsheide.hamburg.de\/wp-content\/uploads\/sites\/209\/2015\/12\/Zeitungsartikel-Rock-at-twelve-oclock.jpg\" rel=\"attachment wp-att-133\" data-rel=\"lightbox\" data-rl_title=\"\" data-rl_caption=\"\" title=\"\"><img loading=\"lazy\" decoding=\"async\" aria-describedby=\"caption-attachment-133\" class=\"size-medium wp-image-133\" src=\"https:\/\/schule-barlsheide.hamburg.de\/wp-content\/uploads\/sites\/209\/2015\/12\/Zeitungsartikel-Rock-at-twelve-oclock-210x300.jpg\" alt=\"Aus: Westwind - Stadtteilmagazin f\u00fcr Osdorf und Umgebung, Ausgabe August 2012 \" width=\"210\" height=\"300\" srcset=\"https:\/\/schule-barlsheide.hamburg.de\/wp-content\/uploads\/sites\/209\/2015\/12\/Zeitungsartikel-Rock-at-twelve-oclock-210x300.jpg 210w, https:\/\/schule-barlsheide.hamburg.de\/wp-content\/uploads\/sites\/209\/2015\/12\/Zeitungsartikel-Rock-at-twelve-oclock-716x1024.jpg 716w, https:\/\/schule-barlsheide.hamburg.de\/wp-content\/uploads\/sites\/209\/2015\/12\/Zeitungsartikel-Rock-at-twelve-oclock.jpg 1000w\" sizes=\"auto, (max-width: 210px) 100vw, 210px\" \/><\/a><p id=\"caption-attachment-133\" class=\"wp-caption-text\">Aus: Westwind &#8211; Stadtteilmagazin f\u00fcr Osdorf und Umgebung, Ausgabe August 2012<\/p><\/div>\n<p>&nbsp;<\/p>\n<p>2019\/2020 &#8211; Auftritt in der Schule Molkenbuhrstra\u00dfe in Hamburg<\/p>\n<p><iframe loading=\"lazy\" src=\"\/\/www.youtube.com\/embed\/b0liQcNnpKk\" allowfullscreen=\"allowfullscreen\" width=\"560\" height=\"315\" frameborder=\"0\"><\/iframe><\/p>\n<p><iframe loading=\"lazy\" src=\"\/\/www.youtube.com\/embed\/NeE5CiCl9Ro\" allowfullscreen=\"allowfullscreen\" width=\"560\" height=\"315\" frameborder=\"0\"><\/iframe><\/p>\n<p><iframe loading=\"lazy\" src=\"\/\/www.youtube.com\/embed\/_HYHkQ6U39w\" allowfullscreen=\"allowfullscreen\" width=\"560\" height=\"315\" frameborder=\"0\"><\/iframe><\/p>\n<p><a href=\"https:\/\/youtu.be\/AtYtrIvck1o\">2011\/2012 &#8211; Fern<\/a>s<a href=\"https:\/\/www.youtube.com\/watch?v=AtYtrIvck1o\">ehbericht bei &#8222;Hamburg 1&#8220; (Schulband-Wettbewerb Schule Pr\u00f6benweg 2. Platz)<\/a><\/p>\n<p><a href=\"https:\/\/www.youtube.com\/watch?v=BiBSWXi6gH0\">2012\/2013 &#8211; Auftritt bei &#8222;Theater macht Schule&#8220; (TMS) in der Gau\u00dfstra\u00dfe mit dem Lied &#8222;Sommerzeit&#8220;<\/a><\/p>\n<p><a href=\"https:\/\/www.youtube.com\/watch?v=PRypyb5jM0g\">2013\/2014 &#8211; Auftritt beim Weltkindertag in Planten un Blomen mit dem Lied &#8222;Schlag das Buch auf!&#8220;<\/a><\/p>\n<p><a href=\"https:\/\/www.youtube.com\/watch?v=wvHH10CkVug\">2015\/2016 &#8211; Auftritt bei den Musiktagen in der Schule Barlsheide<\/a><\/p>\n<p><a href=\"https:\/\/www.youtube.com\/watch?v=C-b1PWg0SZk\">2015\/2016 &#8211; Generalprobe f\u00fcr den Plakat- und Liederwettbewerb Hamburger Polizeiverkehrslehrer e.V. mit dem Lied &#8222;Licht in der Dunkelheit&#8220; (1. Platz)<\/a><\/p>\n<p><a href=\"https:\/\/www.youtube.com\/watch?v=TKcg_iQANqA\">2016\/2017 &#8211; Auftritt auf der Altonale mit dem Lied &#8222;Ich will weg!&#8220;<\/a><\/p>\n<p><a href=\"https:\/\/www.youtube.com\/watch?v=BUazwCL94Gg\">2016\/2017 &#8211; Auftritt bei &#8222;Kultur im Treppenhaus&#8220; in der Schule Barlsheide mit dem Lied &#8222;Osdorf Funk&#8220;<\/a><\/p>\n<p><a href=\"https:\/\/www.youtube.com\/watch?v=i7CXF7H1yc4\">2018\/2019 &#8211; Auftritt beim Abschlusssingen in der Schule Barlsheide mit dem Lied &#8222;Frei, ja frei&#8220;<\/a><\/p>\n","protected":false},"excerpt":{"rendered":"<p>Gegr\u00fcndet wurde die Schulband von der Lehrerin Frau von Deutsch, die im Fr\u00fchjahr 2010 mit ihrer Klasse beim &#8222;Theater macht Schule&#8220;-Festival teilgenommen hat. F\u00fcr dieses Festival schrieben die Sch\u00fclerinnen und&#46;&#46;&#46;<\/p>\n","protected":false},"author":360,"featured_media":0,"parent":0,"menu_order":0,"comment_status":"closed","ping_status":"closed","template":"","meta":{"_acf_changed":false,"footnotes":""},"class_list":["post-132","page","type-page","status-publish","hentry"],"acf":[],"_links":{"self":[{"href":"https:\/\/schule-barlsheide.hamburg.de\/index.php?rest_route=\/wp\/v2\/pages\/132","targetHints":{"allow":["GET"]}}],"collection":[{"href":"https:\/\/schule-barlsheide.hamburg.de\/index.php?rest_route=\/wp\/v2\/pages"}],"about":[{"href":"https:\/\/schule-barlsheide.hamburg.de\/index.php?rest_route=\/wp\/v2\/types\/page"}],"author":[{"embeddable":true,"href":"https:\/\/schule-barlsheide.hamburg.de\/index.php?rest_route=\/wp\/v2\/users\/360"}],"replies":[{"embeddable":true,"href":"https:\/\/schule-barlsheide.hamburg.de\/index.php?rest_route=%2Fwp%2Fv2%2Fcomments&post=132"}],"version-history":[{"count":1,"href":"https:\/\/schule-barlsheide.hamburg.de\/index.php?rest_route=\/wp\/v2\/pages\/132\/revisions"}],"predecessor-version":[{"id":225,"href":"https:\/\/schule-barlsheide.hamburg.de\/index.php?rest_route=\/wp\/v2\/pages\/132\/revisions\/225"}],"wp:attachment":[{"href":"https:\/\/schule-barlsheide.hamburg.de\/index.php?rest_route=%2Fwp%2Fv2%2Fmedia&parent=132"}],"curies":[{"name":"wp","href":"https:\/\/api.w.org\/{rel}","templated":true}]}}

<p style="text-align: justify">Gegründet wurde die Schulband von der Lehrerin Frau von Deutsch, die im Frühjahr 2010 mit ihrer Klasse beim &#8222;Theater macht Schule&#8220;-Festival teilgenommen hat. Für dieses Festival schrieben die Schülerinnen und Schüler zusammen mit der Lehrerin das Theaterstück &#8222;Rockklasse 3b&#8220;. Dafür lernten die Kinder extra Instrumente spielen. Nach kurzer Zeit entwickelten die Kinder ein Gespür, aufeinander zu hören und miteinander zu spielen.</p>
<p style="text-align: justify">Die Motivation, eine Band zu gründen, war groß und die musikalischen Talente der Kinder waren hierbei nicht zu übersehen. Für die Lehrerin und den Kindern war klar, dass auch nach dem Festival die Förderung der Musikalität fortgeführt werden musste.</p>
<p style="text-align: justify">Einmal in der Woche gibt es seit Beginn des Schuljahres 2010/2011 den Bandunterricht. Die Schulband besteht ausschließlich aus Kindern der dritten Klassenstufe. Die Zusammenstellung der Bandmitglieder variiiert. Spätestens nach Beendigung ihrer Schulzeit verlassen die Kinder die Band. Der &#8222;Nachwuchs&#8220; wird dann in ihre Fußstapfen treten.</p>
<p style="text-align: justify">Die Schülerinnen und Schüler lernen die Grundbegriffe des Instrumentalspiels in den Bereichen Gitarre, Keyboard, Bass und Schlagzeug. Die Notwendigkeit musiktheoretischer Kenntnisse und der Umgang mit Instrumenten werden &#8222;spielerisch&#8220; erkannt und erlernt.</p>
<p style="text-align: justify">Schwerpunkte der Arbeit in der Schülerband sind die Förderung der eigenen Kreativität und der Freude am gemeinsamen Musikmachen. Die Schüler erfahren durch aktives Handeln eine Möglichkeit der sinnvollen Freizeitgestaltung und des sozialen Umgangs. Durch Auftritte und Präsentationen auf der Bühne wird das Selbstbewusstsein der Kinder gestärkt.</p>
<p style="text-align: justify">Das Programm der Band besteht aus gecoverten Songs und selbstgeschriebenen Texten und Meldodien. Es reicht von Rockmusik aus den 60ziger Jahren bis hin zu aktuellen Titeln aus den Charts. Die Musikstücke werden von den Schülern selbst ausgewählt und arrangiert.</p>
<div id="attachment_133" style="width: 220px" class="wp-caption aligncenter"><a href="https://schule-barlsheide.hamburg.de/wp-content/uploads/sites/209/2015/12/Zeitungsartikel-Rock-at-twelve-oclock.jpg" rel="attachment wp-att-133" data-rel="lightbox" data-rl_title="" data-rl_caption="" title=""><img loading="lazy" decoding="async" aria-describedby="caption-attachment-133" class="size-medium wp-image-133" src="https://schule-barlsheide.hamburg.de/wp-content/uploads/sites/209/2015/12/Zeitungsartikel-Rock-at-twelve-oclock-210x300.jpg" alt="Aus: Westwind - Stadtteilmagazin für Osdorf und Umgebung, Ausgabe August 2012 " width="210" height="300" srcset="https://schule-barlsheide.hamburg.de/wp-content/uploads/sites/209/2015/12/Zeitungsartikel-Rock-at-twelve-oclock-210x300.jpg 210w, https://schule-barlsheide.hamburg.de/wp-content/uploads/sites/209/2015/12/Zeitungsartikel-Rock-at-twelve-oclock-716x1024.jpg 716w, https://schule-barlsheide.hamburg.de/wp-content/uploads/sites/209/2015/12/Zeitungsartikel-Rock-at-twelve-oclock.jpg 1000w" sizes="auto, (max-width: 210px) 100vw, 210px" /></a><p id="caption-attachment-133" class="wp-caption-text">Aus: Westwind &#8211; Stadtteilmagazin für Osdorf und Umgebung, Ausgabe August 2012</p></div>
<p>&nbsp;</p>
<p>2019/2020 &#8211; Auftritt in der Schule Molkenbuhrstraße in Hamburg</p>
<p><iframe loading="lazy" src="//www.youtube.com/embed/b0liQcNnpKk" allowfullscreen="allowfullscreen" width="560" height="315" frameborder="0"></iframe></p>
<p><iframe loading="lazy" src="//www.youtube.com/embed/NeE5CiCl9Ro" allowfullscreen="allowfullscreen" width="560" height="315" frameborder="0"></iframe></p>
<p><iframe loading="lazy" src="//www.youtube.com/embed/_HYHkQ6U39w" allowfullscreen="allowfullscreen" width="560" height="315" frameborder="0"></iframe></p>
<p><a href="https://youtu.be/AtYtrIvck1o">2011/2012 &#8211; Fern</a>s<a href="https://www.youtube.com/watch?v=AtYtrIvck1o">ehbericht bei &#8222;Hamburg 1&#8220; (Schulband-Wettbewerb Schule Pröbenweg 2. Platz)</a></p>
<p><a href="https://www.youtube.com/watch?v=BiBSWXi6gH0">2012/2013 &#8211; Auftritt bei &#8222;Theater macht Schule&#8220; (TMS) in der Gaußstraße mit dem Lied &#8222;Sommerzeit&#8220;</a></p>
<p><a href="https://www.youtube.com/watch?v=PRypyb5jM0g">2013/2014 &#8211; Auftritt beim Weltkindertag in Planten un Blomen mit dem Lied &#8222;Schlag das Buch auf!&#8220;</a></p>
<p><a href="https://www.youtube.com/watch?v=wvHH10CkVug">2015/2016 &#8211; Auftritt bei den Musiktagen in der Schule Barlsheide</a></p>
<p><a href="https://www.youtube.com/watch?v=C-b1PWg0SZk">2015/2016 &#8211; Generalprobe für den Plakat- und Liederwettbewerb Hamburger Polizeiverkehrslehrer e.V. mit dem Lied &#8222;Licht in der Dunkelheit&#8220; (1. Platz)</a></p>
<p><a href="https://www.youtube.com/watch?v=TKcg_iQANqA">2016/2017 &#8211; Auftritt auf der Altonale mit dem Lied &#8222;Ich will weg!&#8220;</a></p>
<p><a href="https://www.youtube.com/watch?v=BUazwCL94Gg">2016/2017 &#8211; Auftritt bei &#8222;Kultur im Treppenhaus&#8220; in der Schule Barlsheide mit dem Lied &#8222;Osdorf Funk&#8220;</a></p>
<p><a href="https://www.youtube.com/watch?v=i7CXF7H1yc4">2018/2019 &#8211; Auftritt beim Abschlusssingen in der Schule Barlsheide mit dem Lied &#8222;Frei, ja frei&#8220;</a></p>

<p>Gegründet wurde die Schulband von der Lehrerin Frau von Deutsch, die im Frühjahr 2010 mit ihrer Klasse beim &#8222;Theater macht Schule&#8220;-Festival teilgenommen hat. Für dieses Festival schrieben die Schülerinnen und&#46;&#46;&#46;</p>
